ine l(k).
-10
Let g(i) = -28 + 6*i**2 + 31 - 4*i - 4*i**2. Let s(x) = x**3 - 13*x**2 - 70*x + 36. Let a be s(17). Calculate g(a).
3
Let p be (-1)/1*(-1 - 2). Let j(n) = 8*n**2 - 1 - 5*n**2 - 11*n**2 + 6*n**2. Let q(z) = -10*z**2 - 3*z - 9. Let s(y) = -6*j(y) + q(y). What is s(p)?
6
Suppose -713*j - 18 = -731*j. Let c(n) = -49*n. Let m(x) = -x + 1. Let b(w) = 3*w - 1. Let i(g) = -6*b(g) - 6*m(g). Let z(a) = -5*c(a) + 21*i(a). What is z(j)?
-7
Let z(w) = w**3 - 3*w**2 + 3*w. Let f = 10554 - 10552. Determine z(f).
2
Let s(p) = -p**2 - 3*p + 3*p - 5 + 10*p. Let u = 545 - 461. Suppose -9*h = 3*h - u. Calculate s(h).
16
Let f be (-10)/(-15)*6/4. Let v(u) = -u**3 - 8*u**2 + 5*u - 22. Let m be v(-9). Let g(b) = -1 + 15*b**3 + b**2 + 8*b - m*b + 7*b. Calculate g(f).
16
Let x(b) be the third derivative of -b**5/20 + b**4/3 + 7*b**3/6 + 6605*b**2. Give x(-1).
-4
Let q(d) = -11*d - 92. Let s(i) = -22*i - 191. Let n(k) = 7*q(k) - 4*s(k). Calculate n(-11).
-1
Suppose 0 = 5*k - g - 2*g - 102, -g = -5*k + 104. Suppose 20 = x + k. Let a be (7 + 2 + -8)/(x/(-3)). Let h(j) = j - 3. Give h(a).
0
Let q(k) = -14*k**2 - k**3 - 31*k + 43*k - 25*k - 1. Give q(-13).
-1
Let y(b) = -10*b + 41. Suppose -33*p + 198 - 66 = 0. Determine y(p).
1
Let r = 4 + 0. Let t(j) = 4*j**2 - 3*j**2 + r*j**3 - j**3. Let i(m) = -11*m + 34. Let z be i(3). Determine t(z).
4
Suppose 0 = c + 233 - 237. Suppose 2 = -2*u + 4*w + 20, 20 = -c*w. Let q(f) = 5*f - 1. Give q(u).
-6
Let h(a) = -3*a**3 + 3*a**2 - 2*a + 2. Let u(c) = 14*c - 16. Let o be u(5). Let k = o - 44. Suppose 10*r + k = 15*r. Calculate h(r).
-14
Let l(p) = 3*p - 9. Let x(i) = 22 - 7*i - 3*i - i - 13*i + 18*i. Let r(c) = 5*l(c) + 2*x(c). Determine r(1).
2
Let i(b) be the second derivative of 1/6*b**3 + 3*b**2 + 2 + 21*b. Determine i(-5).
1
Suppose -l = k - 3*l - 10, -k = 2*l - 6. Let w(n) = -1 + 10*n**3 + 8*n + n**3 + 11*n**3 - 21*n**3 - 9*n**2. Calculate w(k).
-1
Suppose -35 = 5*t - 4*k, 21 = -t - k - k. Let a = t + -7. Let d = -21 - a. Let p(j) = j**2 + 5*j + 1. What is p(d)?
-5
Let j be -1 + (-5)/(-2) + (-130)/(-20). Let i(z) = -5 + j - 7 + 0 + 4*z. Calculate i(-4).
-20
Let w(t) = 8*t - 5 + 3*t**2 - 7 + t + 17. Give w(-6).
59
Let i = -5148 - -5151. Let v(g) be the third derivative of -1/6*g**i - 1/12*g**4 - 8*g**2 + 0 + 0*g. Give v(1).
-3
Let j(y) = -9*y - 12. Suppose -26*h + 49*h = 27*h + 24. Give j(h).
42
Let q(d) be the second derivative of -d**4/12 - 5*d**3/6 - 13*d**2/2 + 25*d + 7. Give q(-4).
-9
Suppose 0 = -o - 28 - 49. Let y = -75 - o. Let a(d) = 23*d**2 - 17*d**y - d - 14*d**2 + 1. Calculate a(1).
-8
Let z(v) = -1332*v + 669*v - 3 + 666*v + 19. What is z(-5)?
1
Let m(q) be the first derivative of q**2 + 1/4*q**4 - 4*q - 54 - 4/3*q**3. Let v(n) = n**2 + 2*n - 5. Let y be v(-4). What is m(y)?
-7
Let z(m) = 4 - 8 - 11 - 28*m + 26*m - 69. Give z(0).
-84
Let l(f) = -5 - 874*f**2 + 897*f**2 - 8*f - 31*f - f**3. Give l(21).
58
Let k(a) = 9*a**2 - 10*a + 3. Let c(z) = 5*z**2 - 5*z + 1. Let h(g) = -5*c(g) + 3*k(g). Let x = -59 + 62. Determine h(x).
7
Suppose -5*n - 8 = -6*n. Let v = 9 - n. Let o(b) = 5*b - b**2 + v + 1 - 3*b + 5*b. Determine o(7).
2
Let l(w) = -17 - 2 + 25767*w**2 - 25765*w**2 - 14*w. What is l(8)?
-3
Let l(f) = -19784*f - f**2 + 1 + 9474*f + 10304*f. Suppose 0 = n - 4*n. Suppose 4 = -2*c - 4*h, 2*h + n = c + 6. Calculate l(c).
9
Let o(p) = -p. Suppose 16*s - 17*s = -15. Suppose 5*g = s*g - 30. What is o(g)?
-3
Let v(w) be the first derivative of -5*w**2/2 - 2*w + 31. Let x be v(-1). Let k(c) = 2*c - 5*c + 2*c - 5 + x*c. Give k(8).
11
Let i = -522 + 522. Suppose 0 = 4*z - 0*z - 92. Let j(c) = -c - 5*c**3 + 3*c**3 + z + 3*c**3 + 0*c**3. What is j(i)?
23
Let g(c) be the first derivative of c**4/4 + 3*c**3 + 5*c**2/2 - 2*c - 952. Calculate g(-8).
22
Let q(n) = -n - 3. Let h(w) = 5*w**2 - w**3 - 5*w**2 - 5*w**2 - 14 + 4*w + 0*w**3. Suppose 5*k + 12 + 13 = 0, -4*f - 49 = 5*k. Let u be h(f). Determine q(u).
-1
Suppose 0 = 2*q + 14*w + 12, 3*w = -4*q - 113 + 139. Let u(k) = 12*k - 16. Let i(s) = -13*s + 17. Let c(g) = 6*i(g) + 7*u(g). Give c(q).
38
Suppose 95 = -3*k - 4*n, 0 = 84*k - 88*k - 5*n - 129. Let f(u) = -u**2 - 40*u + 57. Calculate f(k).
16
Suppose 21*n + 5*j + 44 = 24*n, j = 5*n - 66. Let r(d) = d - 24. Calculate r(n).
-11
Let i(z) = -z. Let j(u) = -6. Let x(t) = 2*i(t) + j(t). Suppose -33 = 5*y - 8. Let h be (-1 + -1)/(y/(-10)). Determine x(h).
2
Let c(s) = 52*s**2 - 7 - 99*s**2 + 45*s**2. Calculate c(0).
-7
Let o = 44 + -24. Let f = o + -13. Let s(n) = n + 11. Let k(t) = t + 6. Let i(d) = -6*k(d) + 4*s(d). Give i(f).
-6
Let r(o) be the first derivative of -6*o - 5/2*o**2 + 1/6*o**3 + 7. Let n(l) be the first derivative of r(l). What is n(-6)?
-11
Let d(o) be the first derivative of o**2/2 - 12*o + 23799. Let i be (11 - 0)/1 + 1. Calculate d(i).
0
Let u(y) = -3 + 0*y - 199*y**3 + 389*y**3 - 191*y**3 - 8*y - 7*y**2. What is u(-4)?
-19
Let a(d) = -d**3 - 20*d**2 - 67*d - 45. Let y be a(-16). Let x(k) = 2*k**3 - 6*k**2 + 2*k - 12. What is x(y)?
-6
Let x(t) = t**3 - 7*t**2 + 3*t - 27. Let w = 647 + -1158. Let f = w + 518. Determine x(f).
-6
Let a(q) = -9*q**2 + 11*q + 12. Let o(m) = 2*m**2 - 2*m - 2. Let g(c) = -2*a(c) - 10*o(c). Determine g(-3).
-16
Let n(x) = x**3 + 30*x**2 + 30*x + 32. Let l be 1740/(260/(-13))*(-2)/(-6). What is n(l)?
3
Let v(w) = -1. Let n(o) = o + 5. Let s(z) = n(z) + 3*v(z). Let r be s(0). Let t(k) = -r*k**3 - 4 + 3 - 2*k**3 - 2*k + 0*k**3. What is t(-1)?
5
Let z(p) be the first derivative of p**3/3 - 3*p**2 - 6*p + 2. Suppose 25*j - 18*j = 2478. Let v = j + -347. Calculate z(v).
1
Let p be -2 - 1*-1 - -2. Let b(v) be the first derivative of -v + 1/3*v**3 - 9/4*v**4 + 0*v**2 + 91. Give b(p).
-9
Let v(w) = w**2 - w. Let j be v(2). Suppose 4*s - 16 = 0, 3*c = 5*c + 2*s + j. Let d(p) be the first derivative of -p**3/3 - 2*p**2 + 2*p - 2. Calculate d(c).
-3
Let h(j) = j**2 + j + 21. Let n be (18/7 - (-17)/(595/15)) + -3. Calculate h(n).
21
Let z(g) = -13*g**2 - 5 + g + 10*g**2 + 7*g. Let k(d) = -d**2 + 2*d + 1. Let l(s) = -4*k(s) + z(s). What is l(3)?
0
Let f(w) = -7*w**3 - 9*w**2 - 3*w. Let t(b) = -4*b**3 - 5*b**2 - 2*b - 1. Let z(x) = -f(x) + 2*t(x). Suppose -5*q = -q + 8. What is z(q)?
4
Let m = 2489 + -2549. Let l(c) = c**2 + 63*c + 172. Determine l(m).
-8
Let x = 144 - 142. Suppose c - 3*m = -4*c + 10, 5*c + 4*m = 45. Suppose c*d + 15 = -x*q + 3*q, -d + 16 = -4*q. Let n(g) = -g + 5. Give n(q).
10
Let q(a) = -2*a**2 - a - 2. Let y(h) = 20*h**2 + h + 3. Let i be y(2). Let r = i - 37. Let c = -50 + r. Give q(c).
-8
Let x(s) = 11*s**2 - 2*s + 2. Let p(u) = -54*u**2 - 4*u + 2. Let t(n) = -p(n) - 5*x(n). Give t(12).
12
Let q be (-2)/(-3) + (-8)/3. Let z(r) be the second derivative of -r**5/20 + r**4/6 + r**3/3 + r**2 + r + 142. Calculate z(q).
14
Let b(r) = -2*r**2 + r - 1. Suppose -2*k - 9*c - 28 = -14*c, -10 = 2*k - 2*c. What is b(k)?
-2
Let p = 295 + -297. Let t(h) = -8*h - 1. Let i(n) = n**2 + 8*n - 1. Let d(j) = p*i(j) - 3*t(j). Determine d(7).
-37
Let c(v) = -3*v**2 + 8*v - 15. Let o(s) = 365*s + 368. Let k be o(-1). Calculate c(k).
-18
Let x(k) be the first derivative of -k**3 - 11*k**2 - 5*k - 2896. Calculate x(-6).
19
Let o be (-4 - -20)/4 - (24 - 23). Let n(j) = j**3 + 2*j**2 + 3. Give n(o).
48
Let t(m) = 8*m**2 - 11946405*m - 18*m**2 + 11946390*m. What is t(-2)?
-10
Let z(q) = -q**2 - 8*q + 268. Let y be z(-21). Let k(u) = u**3 + 7*u**2 - 6*u - 64. Determine k(y).
16
Let o(c) = -7*c + 1. Let q(b) = 9*b - 42. Let r(y) = -4*y + 21. Let x(s) = 3*q(s) + 7*r(s). Let u be x(18). What is o(u)?
-20
Let a(k) = 18*k**2 + 2*k - 4. Let q(v) = v**2 + v - 1. Let f(c) = -a(c) + 3*q(c). Let w = -19 + 21. Suppose -w*t - 4 = 2*i, t - 3*i = i + 3. Determine f(t).
-15
Let y be 129/9 - 2/6. Let d(f) be the first derivative of -f**4/4 + 14*f**3/3 - f**2/2 + f - 37146. What is d(y)?
-13
Let d = -188 - -193. Let h(z) = -7 - 3*z + 3*z + d*z - 2*z. Determine h(8).
17
Let r(c) = -c + 5. Let i(t) = -t**2 + t - 9. Let a(p) = 3*i(p) + 5*r(p). Let y(u) = 5*u**2 + 4*u + 3. Let x(w) = 7*a(w) + 4*y(w). Determine x(3).
-5
Let r(t) = 8*t - 6. Let c(k) = -4 - 2335*k + 1 - 4 + 0 + 2346*k. Let j(d) = 5*c(d) - 7*r(d). Calculate j(0).
7
Let v = -72 - -74. Let s(t) = -t**3 - 2 + 78*t**2 - 77*t**v + 5*t - 2. Let n(w) =